) = q + i + 1 + 3*l - l. Determine n(-4).
-6
Let b(f) be the first derivative of 4*f - 1/2*f**2 + 7. Determine b(0).
4
Suppose -3*n = -3*f - 21, 4*f = -3*n - 9 + 2. Suppose 8 = n*x - 7*x. Let m(q) be the third derivative of q**4/6 + q**2. Give m(x).
-8
Let y(p) = -p + 2. Suppose 2*i - 23 = 25. Suppose 0 = l - s + 1, l + 4*s = -0*l + i. Let k be 5/2 - l/(-8). What is y(k)?
-1
Suppose 0*m = -5*m - 45. Suppose -4*s - 29 + 5 = 0. Let h = s - m. Let p(r) = -r**3 + 2*r**2 + 3*r - 2. What is p(h)?
-2
Let b(g) = -g**3 + 9*g**2 - 2*g. Suppose 3*v = -3*w + 15, 2*v = 2*w + 13 + 13. What is b(v)?
-18
Let d = -6 + 10. Suppose 0 - d = -c. Let n = 2 - c. Let b(t) = -t**2 - 2*t + 1. What is b(n)?
1
Let k = 16 + -22. Let x(d) = -4*d + 2. Let t(s) = -2*s + 1. Let u(i) = k*x(i) + 11*t(i). Give u(5).
9
Let q = 164 + -156. Let u(f) = f**3 - 9*f**2 + 10*f + 7. Give u(q).
23
Suppose -t = 2*u + 6, 3*u = 2*u + 2*t - 13. Let o(s) = s**2 + 6*s + 2. Give o(u).
-3
Let l(w) = w**2 - 5*w. Suppose -4 = -3*r + 2. Suppose 0 = b + r*p - 15, b + b + 15 = 5*p. Calculate l(b).
0
Let m = 162 + -166. Let h(i) = -i**3 - 4*i**2 - i + 2. Give h(m).
6
Let n(d) = -3 + 4*d - 17*d + 4. Let w be 8/6 + (-2)/6. Let t(b) = -b. Let y(c) = w*n(c) - 6*t(c). Calculate y(1).
-6
Let d(l) = -l**3 + 6*l**2 + 6*l + 7. Let w be d(7). Let m(n) = 5*n - 9. Let u(q) = q - 1. Let g(f) = -m(f) + 6*u(f). Give g(w).
3
Let j(h) be the first derivative of 3*h**2/2 + 12*h + 1. Suppose 4*w = -5*u - 26 - 3, 9 = -u - 4*w. Let a be j(u). Let r(n) = -n**2 - 2*n - 2. Determine r(a).
-5
Let y(h) be the first derivative of -4*h + 3 + 1/3*h**3 - 2*h**2. Give y(5).
1
Let s(w) = -7*w**2 + 3*w - 2*w + 6*w**2. Let m = 3 + -2. Let k be m + (3/1 - 2). What is s(k)?
-2
Let j(u) = u**2 - 6*u + 4. Let v = -5 + 11. Let a be j(v). Suppose z = a*n + 19, -2*n - 2*n - 25 = -3*z. Let x(t) = 2*t**2 - 2*t - 4. What is x(z)?
8
Let g(n) be the first derivative of -n**2/2 - 2*n - 1. Let i be 0*(3 - (-5)/(-2)). What is g(i)?
-2
Let n(y) = -y**3 + y - 3. Let t be 2/9 - 160/(-9). Let f = t - 18. Give n(f).
-3
Let z(s) = 2*s**2 + 2*s. Let u(p) = 2*p**2 + 3*p + 1. Let i(b) = 3*u(b) - 2*z(b). Let g be i(-3). Let d(r) = r - 11. Determine d(g).
-5
Let t(n) = n**2 - n + 12. Let b be 5 - (8 + -2)/2. Suppose b*o + 2*s = -1 + 3, 4*o + s = 1. Give t(o).
12
Suppose -f + 29 = 5*a, -a - 4*a = 4*f - 41. Let o(i) = -i**3 + 3*i**2 + 6*i - 4. What is o(f)?
4
Let p(b) = -2*b + 6. Suppose 4*o - 9 = 3. Suppose 0 = 2*l + o*l - 45. Suppose l*z = 4*z + 30. Give p(z).
-6
Let t(s) be the second derivative of -s**3 - s**2 - 8*s. What is t(-2)?
10
Let k(h) = -3*h - 2. Let x(m) = -m**2 + 2*m - 1. Let w be x(2). Let p(q) = -q - 1. Let z(a) = w*k(a) + 2*p(a). Let b(r) = r + 6. Let g be b(-5). Give z(g).
1
Let a(v) = -3*v**2 - 13*v - 12. Let r(c) = 7*c**2 + 27*c + 25. Let t(g) = -5*a(g) - 2*r(g). Give t(-8).
-14
Let l(x) = -3*x + 1. Let n(f) = 16*f - 6. Let m(z) = 11*l(z) + 2*n(z). Calculate m(-4).
3
Let z(q) = q**3 - 6*q**2 + 4*q + 1. Let r be z(6). Suppose -5*v + r = -0*v. Let m(u) = -u + 13. Let n(f) = -f + 12. Let j(y) = -4*m(y) + 5*n(y). Calculate j(v).
3
Let g(f) be the second derivative of f**6/360 + f**5/120 + f**4/12 + 4*f. Let c(q) be the third derivative of g(q). Determine c(-3).
-5
Let n = 9 + -6. Let o(s) = 0*s**n + 0*s**2 - 4*s**2 - 2 - 2*s - s**3 + 0*s**3. Give o(-3).
-5
Let n = -355 - -352. Let i(d) be the third derivative of -d**6/360 - d**5/60 + d**3/6 - d**2. Let q(a) be the first derivative of i(a). Determine q(n).
-3
Let o(k) = -k**2 + 7*k - 2. Let b = 12 - 6. Give o(b).
4
Let w(v) = 10*v**3 - 2*v**2 + v - 16. Let c(u) = -3*u**3 + u**2 + 5. Let j(k) = 7*c(k) + 2*w(k). What is j(3)?
9
Let o(w) be the third derivative of w**3 - 1/60*w**5 + 0*w**4 - 5*w**2 + 0 + 1/120*w**6 + 0*w. Determine o(0).
6
Let a be -1*(-3)/(3/2). Let t(x) = -5 - 9*x + 3*x + 3 - x**a. What is t(-5)?
3
Let v(q) = 4 - 2*q**2 + 7*q + 1 + q**2 - 2*q. What is v(5)?
5
Let j = 12 + -6. Suppose g - v = -4*v - j, v = 5*g - 2. Let n(u) = -u**2 - u - 4. Determine n(g).
-4
Let v(x) be the second derivative of 0 - 3*x - x**3 - 5/12*x**4 - 1/20*x**5 - 5/2*x**2. Suppose -4*i - 2 = 2*w + 2, 3*w + i + 11 = 0. Calculate v(w).
3
Let z be 4*((-21)/(-6))/(-7). Let s be ((-1)/z)/((-4)/(-8)). Let x(h) = 8*h + 1. Calculate x(s).
9
Let p(w) = w - 45 + 44 + 0*w. What is p(2)?
1
Let o(p) be the first derivative of p**2/2 - p + 1. Let d be (3 + 14/(-4))*-2. Suppose d = h - 3. What is o(h)?
3
Let u(h) = -h**2 + 7*h + 12. Let k be u(8). Let w(o) = o + 3. Give w(k).
7
Let m(g) be the first derivative of 5 - 3/2*g**2 - 1/3*g**3 - g. What is m(-2)?
1
Let t(q) = q + 2. Suppose 5*w + 10 = -30. Let u = w - -10. Determine t(u).
4
Let p(v) = v + 1. Let i(w) = w**2 + 6*w + 3. Let y be i(-4). Give p(y).
-4
Let o(z) = -z**3 - z**2 - 4*z - 5. Let d(y) = -y**3 - 5*y - 6. Let p(s) = 2*d(s) - 3*o(s). Suppose 3*r + 12 = -r. What is p(r)?
-3
Let a(r) = 4*r**2 + 462 - r - r**2 - 2*r**2 - 461. Calculate a(-4).
21
Suppose 6*c - 2*c - 3*z = 0, 4*c = 2*z. Let y(t) = -t + 2. Calculate y(c).
2
Suppose -3*c + 5*p + 11 + 10 = 0, -3*p - 7 = c. Suppose -4*k = -5*k + 2. Let v(s) = 2*s**k - 3*s**c + 2 + 3*s**2 + 2*s. Calculate v(-2).
6
Suppose 0 = -i - 1 + 6. Let o(j) = 7*j**2 - 10*j - 19. Let t(h) = -3*h**2 + 5*h + 9. Let l(c) = -2*o(c) - 5*t(c). What is l(i)?
-7
Let v(k) = k + 11. Let h(f) = -f - 21. Let c be h(-14). What is v(c)?
4
Let x(d) = 6*d + 7. Let g(j) = -17*j - 21. Let i be -1*(-3 - -2) - 5. Let z(w) = i*g(w) - 11*x(w). Give z(-6).
-5
Let t(w) = -2*w + 5. Suppose -5*h + 3*h - 10 = 0. What is t(h)?
15
Let i(d) be the first derivative of d**2/2 - d + 32. Determine i(-1).
-2
Let o(h) = 4*h + 1. Let w be o(5). Suppose -j + 23 = 4*n + 2, -n + 2*j = 6. Let l(a) = 3*a - 16 + w - n*a. Determine l(5).
0
Let m(d) = 11*d**2 + 1. Let n be ((-12)/(-9))/(-1)*-3. Suppose n*v = 4*w + 20, 2*w + 5 = 5*v - 8. What is m(v)?
12
Suppose -9 - 6 = 3*n. Let h(b) = -b**3 + 3*b**2 - b + 3. Let a(y) = 2*y**3 - 2*y**2 + 2*y - 4. Let q(c) = -2*a(c) - 3*h(c). Calculate q(n).
4
Let v(h) = -h + 1. Suppose 0 = 5*d - d + 2*w + 6, d - 5*w = 4. Give v(d).
2
Let o(m) = m. Let h(k) = 3*k + 1. Let s(f) = h(f) - 2*o(f). Calculate s(-5).
-4
Let w(c) be the second derivative of c**4/12 + c**3/6 - c**2/2 - 5*c. Give w(-2).
1
Suppose 0*r + 3*r - 2 = -4*a, -4*r = -2*a - 32. Let o(i) = r*i - i**2 + i - 1 - 1. Determine o(5).
8
Let z(t) = 5*t**3 - t**2 - t + 1. Let n(s) = 18*s - 9. Let f(x) = -6*x + 3. Let y(v) = 17*f(v) + 6*n(v). Let k be y(6). Let h be 2/5 + k/55. What is z(h)?
4
Let y(b) = -2*b**2 - b**2 + 6*b + 0*b**2 + 3 + 2*b**2. Calculate y(6).
3
Let x(v) = v**2 + v - 1. Let r(d) = -4*d**2 - 8*d + 1. Let a(i) = -r(i) - 3*x(i). Give a(-6).
8
Let h(f) = -f**3 - 8*f**2 - 9*f + 20. Let v be h(-6). Let l(r) be the first derivative of 0*r**v - 2 - 4*r + 1/3*r**3. What is l(0)?
-4
Let t(k) = 2*k - 2. Let j be t(-3). Let c = -5 - j. Let n(z) be the second derivative of z**3/3 - 8*z. What is n(c)?
6
Suppose 0 = -6*d + d + 10. Let h(i) = d - i**2 - 3*i - i**2 - 2*i**2 + 3*i**2. Let r(n) = n**2 + 4*n - 5. Let b be r(-4). What is h(b)?
-8
Let q(j) = -3*j**2 + 127 + j**3 + j - 2*j**2 - 136 - 3*j**2. Calculate q(8).
-1
Let x(n) = -n**2 + 4*n - 5. Suppose -6*v + 106 = -50. Let t = -20 + v. What is x(t)?
-17
Let j(z) = -z. Let o(i) = i - 3. Suppose -v = -3*v + 2. Let w(h) = v*o(h) + 3*j(h). Suppose 0 = -2*l + 11 - 15. Calculate w(l).
1
Let d(s) = -s + 1. Let x be d(-2). Let t be (-4)/((12/x)/(-2)). Suppose -5*y = 4*r - 33, 3*y = t*r + 7*y - 24. Let p(k) = -k**3 + 4*k**2 - 3*k + 1. Give p(r).
3
Let i(l) = -l**3 - 6*l**2 - 8*l - 5. Let c be ((-6)/6)/(1/5). What is i(c)?
10
Let q(n) = -n**3 - 7*n**2 - 8*n - 3. Let y(l) = 17*l + 46. Let m be y(-3). Calculate q(m).
-13
Let k(t) = -3*t + 1. Let o(a) = -2 - a**2 + 0*a**2 + 3*a**2 + 4*a - a**2. Let c be o(-5). What is k(c)?
-8
Let z(p) be the first derivative of -1/4*p**4 + 1/3*p**3 + 0*p + 0*p**2 - 4. Let h be z(0). Let r(b) = -b**3 + b**2 - 1. Calculate r(h).
-1
Let t(g) = 0*g**2 - 7 + 0*g**2 + 6*g - g**2. Suppose 2*w + 1 + 21 = 5*a, 3*w - 12 = 0. Give t(a).
-7
Let b(y) = -5 - y**2 + y**2 + y**3 - 6*y**2 - y**2 + 8*y. Let j be b(6). Let v = j - 12. Let r(o) = o**3 + 4*o**2 - 6*o - 5. What is r(v)?
0
Let r(k) be the third derivative of -k*